 base 3, what is 12 - 120000?
-112211
In base 12, what is 11 - -11?
22
In base 4, what is -1 + 2311?
2310
In base 2, what is 1000 - -10001001?
10010001
In base 8, what is 1365 - 0?
1365
In base 6, what is 3 - -2555?
3002
In base 9, what is 25 - -1?
26
In base 8, what is -363 - 1?
-364
In base 11, what is -17 - 12a?
-146
In base 3, what is 1111 - 10?
1101
In base 16, what is 152 - -4?
156
In base 5, what is -213 + -130?
-343
In base 13, what is -4 - -11?
a
In base 13, what is -1 + -45?
-46
In base 4, what is -10 - -3201?
3131
In base 13, what is -c09 + -3?
-c0c
In base 7, what is -1 + 305?
304
In base 2, what is 100 - -100?
1000
In base 14, what is b + -7?
4
In base 4, what is 112 - -110?
222
In base 16, what is 13 - 3?
10
In base 10, what is -954 - -12?
-942
In base 2, what is 101 + 100001?
100110
In base 13, what is -c + -10?
-1c
In base 12, what is 297 + -38?
25b
In base 5, what is -32 - 2034?
-2121
In base 4, what is 32010 + -1?
32003
In base 15, what is -6 - -1c2?
1bb
In base 10, what is 1 - 940?
-939
In base 13, what is 4a - -53?
a0
In base 10, what is 0 - 1637?
-1637
In base 8, what is 5 + -563?
-556
In base 10, what is 427 + -1?
426
In base 3, what is -11121 + -12222?
-101120
In base 9, what is 1 + 183?
184
In base 5, what is 221 + -11?
210
In base 10, what is -4 + -264?
-268
In base 4, what is 103012 - 3?
103003
In base 10, what is 37 + 1?
38
In base 5, what is -12 + 11131?
11114
In base 9, what is 15 + -3?
12
In base 11, what is 450 + 1a?
46a
In base 16, what is 2 - -20?
22
In base 13, what is c + 1a0?
1ac
In base 11, what is 2 + 456?
458
In base 11, what is -7 - -6?
-1
In base 8, what is -5732 + 2?
-5730
In base 16, what is -2 - -19e?
19c
In base 9, what is -18 - 10?
-28
In base 3, what is -22 + -212121?
-212220
In base 6, what is 121 - -224?
345
In base 8, what is 124 - 5?
117
In base 9, what is -2 - -11641?
11638
In base 8, what is 6 + -13?
-5
In base 2, what is -110 + 1100000001010?
1100000000100
In base 2, what is -1010101 - 101111?
-10000100
In base 3, what is -2110 - 1?
-2111
In base 10, what is -135 + 25?
-110
In base 6, what is -103 + 2?
-101
In base 6, what is -3544 - -4?
-3540
In base 2, what is -101000 - -101?
-100011
In base 13, what is -1c62 + 4?
-1c5b
In base 7, what is -4 - -10042?
10035
In base 16, what is -2 + -e4c?
-e4e
In base 9, what is -5 + -113?
-118
In base 16, what is -3b + -4?
-3f
In base 11, what is 98 + 5?
a2
In base 9, what is -3 + -51?
-54
In base 5, what is -10 + -44322?
-44332
In base 6, what is -5 + -500?
-505
In base 16, what is 4 - 8a?
-86
In base 5, what is 11 + 423?
434
In base 6, what is -3 - 4505?
-4512
In base 3, what is 11 + -11011112?
-11011101
In base 7, what is -3 + 125?
122
In base 5, what is -4204 - -3?
-4201
In base 13, what is -525 - -4?
-521
In base 10, what is 6 + 1049?
1055
In base 2, what is 111000001111 + 11?
111000010010
In base 13, what is 4 + -9?
-5
In base 14, what is 2 - 9?
-7
In base 6, what is -331 + 3?
-324
In base 4, what is -22 + 203?
121
In base 16, what is 3b + 5d?
98
In base 11, what is -4 - 34?
-38
In base 14, what is 1923 + 2?
1925
In base 16, what is -5 + 23?
1e
In base 14, what is 3c + 7?
45
In base 12, what is 94 + 2?
96
In base 11, what is 4 + 222?
226
In base 5, what is 441 + -2?
434
In base 5, what is 41 - -112?
203
In base 2, what is 11 + -1001?
-110
In base 15, what is -b8 + 3?
-b5
In base 4, what is 11 + -1213?
-1202
In base 12, what is b + 1?
10
In base 8, what is 1 - -137?
140
In base 13, what is 1327 + -4?
1323
In base 13, what is -4 + 9c?
98
In base 16, what is 0 - 696?
-696
In base 13, what is -4 + -275?
-279
In base 15, what is b - 4?
7
In base 10, what is -3 - -21?
18
In base 13, what is 1 + 63?
64
In base 5, what is -4 + -140002?
-140011
In base 6, what is 12152 - -5?
12201
In base 2, what is -1001000 - 0?
-1001000
In base 3, what is 0 - -100212?
100212
In base 15, what is 92 + 4?
96
In base 13, what is 500 - -5?
505
In base 16, what is 2d + -23?
a
In base 11, what is -114 - 0?
-114
In base 6, what is 2 + -15100?
-15054
In base 12, what is -36 + -4?
-3a
In base 5, what is 4424 - -3?
4432
In base 9, what is 1 + -104?
-103
In base 11, what is -21 - -1?
-20
In base 12, what is b + 33?
42
In base 15, what is 8a - 1?
89
In base 9, what is 2210 - -2?
2212
In base 7, what is 223 + 4?
230
In base 4, what is 20 - 12120?
-12100
In base 5, what is -142 - 4?
-201
In base 12, what is 85a + 4?
862
In base 12, what is 2b + -4?
27
In base 3, what is -10 - 120010?
-120020
In base 10, what is -30 + -1?
-31
In base 10, what is -2 - -266?
264
In base 11, what is -1 - 571?
-572
In base 6, what is 5 - -124?
133
In base 14, what is -17 - 10?
-27
In base 12, what is -4 + -38b?
-393
In base 2, what is -100 - -100?
0
In base 13, what is 74 - 2?
72
In base 4, what is 3 + -12122?
-12113
In base 16, what is 3 + 16?
19
In base 4, what is 1010 + -2?
1002
In base 15, what is 9 - -580?
589
In base 3, what is 11102 - 11?
11021
In base 10, what is -4 - -1051?
1047
In base 16, what is -18 - -4?
-14
In base 6, what is -23 + 1121?
1054
In base 5, what is 102310 - -3?
102313
In base 13, what is 9 - 2a?
-21
In base 2, what is 1 - 11000?
-10111
In base 2, what is -1 - 100101?
-100110
In base 9, what is -2 - -155?
153
In base 14, what is 0 - -20?
20
In base 3, what is 101 + 212012?
212120
In base 15, what is 60d3 - 1?
60d2
In base 12, what is -2150 + 4?
-2148
In base 13, what is -10 - 4b0?
-4c0
In base 14, what is -35 - -161?
12a
In base 5, what is 3 - 220?
-212
In base 12, what is 28 + -1?
27
In base 6, what is -1253 - 5?
-1302
In base 16, what is -876 + 5?
-871
In base 12, what is -11 - 98?
-a9
In base 15, what is -14e + -1?
-150
In base 15, what is 1 - -b9a?
b9b
In base 11, what is -38 - 5?
-42
In base 9, what is 5 - 41?
-35
In base 2, what is 11100 + 10001111101?
10010011001
In base 11, what is 28139 - -4?
28142
In base 4, what is -1 - -22?
21
In base 2, what is 10 + 1101011100100?
1101011100110
In base 6, what is -3043 + 3?
-3040
In base 7, what is -15 - -116?
101
In base 13, what is -2c1 + 7?
-2b7
In base 11, what is 4 + 29?
32
In base 11, what is 2a - -1?
30
In base 16, what is -4 - 164?
-168
In base 2, what is -10101010 + 10101?
-10010101
In base 11, what is -469 + 11?
-458
In base 3, what is -201 + 110100?
102122
In base 2, what is -111100101 + 11?
-111100010
In base 9, what is -5 - -4303?
4287
In base 9, what is 3660 + 3?
3663
In base 6, what is 0 + 125?
125
In base 13, what is 50 - b?
42
In base 14, what is -3584 - 2?
-3586
In base 14, what is 21 + 2b?
4c
In base 14, what is -744 + 1?
-743
In base 14, what is 32 + 2?
34
In base 15, what is -3 + -2d?
-31
In base 4, what is -1 - 112?
-113
In base 7, what is -2 - 1260?
-1262
In base 5, what is -110000 - 1?
-110001
In base 11, what is -7 - -2?
-5
In base 4, what is -10 + 1?
-3
In base 11, what is 623 + -1?
622
In base 14, what is -a2 - 0?
-a2
In base 9, what is 1 - -2078?
2080
In base 14, what is 14 + -1a8?
-194
In base 10, what is 1 - 31?
-30
In base 11, what is 1930 + 0?
1930
In base 4, what is -33 - 1?
-100
In base 7, what is -150 + 31?
-116
In base 11, what is 6 - 161?
-156
In base 15, what is 5a - 4?
56
In base 4, what is 11003 + -11?
10332
In base 2, what is -100011010101 + 110?
-100011001111
In base 14, what is -5 + -50?
-55
In base 6, what is 101 - -13?
114
In base 10, what is 10 + -98?
-88
In base 10, what is -2773 + 5?
-2768
In base 10, what is 3 - 259?
-256
In base 5, what is -4 + 1431?
1422
In base 2, what is -1111 + -1001000100?
-1001010011
In base 13, what is c5 + -9?
b9
In base 9, what is -7 + -41?
-48
In base 10, what is 5 + -160?
-155
In base 6, what is -1 + -2?
-3
In base 6, what is 200 + -4?
152
In base 6, what is -12 + 404?
352
In base 7, what is -5 - 140?
-145
In base 12, what is -147 + -2?
-149
In base 16, what is -1 + 3e2?
3e1
In base 10, what is -3 - -867?
864
In base 6, what is -544 + -24?
-1012
In base 12, what is -8 + 22?
16
In base 7, what is -230 - 11?
-241
In base 3, what is 11 - 222?
-211
In base 4, what is 2 + -1002?
-1000
In base 7, what is 650 - 1?
646
In base 7, what is -30 - 2?
-32
In base 10, what is 1 + 125?
126
In base 10, what is 1372 - 3?
1369
In base 5, what is -13 - 1324?
-1342
In base 4, what is 10 + -200302?
-200232
In base 11, what is 2 + -4?
-2
In base 12, what is 17 + -45?
-2a
In bas